{"id":3,"date":"2020-07-27T17:22:08","date_gmt":"2020-07-27T21:22:08","guid":{"rendered":"http:\/\/rescola.com\/vivianedeleon1\/?page_id=3"},"modified":"2020-07-28T11:43:50","modified_gmt":"2020-07-28T14:43:50","slug":"privacy-policy","status":"publish","type":"page","link":"http:\/\/rescola.com\/vivianedeleon\/privacy-policy\/","title":{"rendered":"Pol\u00edtica de Privacidade"},"content":{"rendered":"\n<p>A Pol\u00edtica de Privacidade do site da <strong><a href=\"http:\/\/rescola.com\/vivianedeleon\">Rescola com Viviane de Leon<\/a><\/strong> foi formulada com o intuito de manter a privacidade e a seguran\u00e7a das informa\u00e7\u00f5es coletadas dos nossos participantes.<\/p>\n\n\n\n<p>A pol\u00edtica de privacidade estabelecida pelo site do <strong><strong><strong><a href=\"http:\/\/rescola.com\/vivianedeleon\">Rescola com Viviane de Leon<\/a><\/strong><\/strong><\/strong> compreende a forma como as informa\u00e7\u00f5es capazes de identificar nossos participantes s\u00e3o armazenadas e utilizadas, sejam as coletadas diretamente em nosso site, consultas durante nosso atendimento ao cliente por email ou mensagem ou ainda cadastro para recebimento de promo\u00e7\u00f5es ou newsletter.<\/p>\n\n\n\n<p>As informa\u00e7\u00f5es de contato dos participantes poder\u00e3o ser utilizados para divulga\u00e7\u00e3o dos cursos oferecidos pela plataforma. Que enviar\u00e1 informa\u00e7\u00f5es sobre os servi\u00e7os, atrav\u00e9s de mensagens publicit\u00e1rias como promo\u00e7\u00f5es, dicas, divulga\u00e7\u00e3o de parceiros e clientes que possam agregar algum valor ou interesse aos nossos participantes.<\/p>\n\n\n\n<p><strong><strong><a href=\"http:\/\/rescola.com\/vivianedeleon\">Rescola com Viviane de Leon<\/a><\/strong><\/strong> disponibiliza, em seus comunicados, newsletters, ofertas e mensagens publicit\u00e1rias enviadas por e-mail a op\u00e7\u00e3o de cancelamento do envio deste tipo de mensagem. A solicita\u00e7\u00e3o ser\u00e1 atendida no tempo m\u00ednimo necess\u00e1rio para sua execu\u00e7\u00e3o.<\/p>\n\n\n\n<p>Sob nenhuma circunst\u00e2ncia <strong><strong><a href=\"http:\/\/rescola.com\/vivianedeleon\">Rescola com Viviane de Leon<\/a><\/strong><\/strong> divulga ou comercializa informa\u00e7\u00f5es pessoais ou dados cadastrais de seus clientes e usu\u00e1rios a terceiros.<\/p>\n\n\n\n<h3 class=\"wp-block-heading\">Quais dados s\u00e3o coletados<\/h3>\n\n\n\n<h4 class=\"wp-block-heading\">Coment\u00e1rios<\/h4>\n\n\n\n<p>Quando visitantes deixam coment\u00e1rios no site, os dados coletados no formul\u00e1rio de coment\u00e1rios s\u00e3o mantidos no nosso banco de dados junto com o endere\u00e7o de IP e o navegador utilizado, a fim de proteger o site contra spam.<\/p>\n\n\n\n<h4 class=\"wp-block-heading\">Media<\/h4>\n\n\n\n<p>Se voc\u00ea fizer upload de imagens no nosso site, evite enviar imagens com a localiza\u00e7\u00e3o anexada (como as coordenadas de GPS). Visitantes do site podem fazer o download da imagem e extrair os dados de localiza\u00e7\u00e3o.<\/p>\n\n\n\n<h4 class=\"wp-block-heading\">Formul\u00e1rios de Contato<\/h4>\n\n\n\n<h4 class=\"wp-block-heading\">Cookies<\/h4>\n\n\n\n<p>Se voc\u00ea tem uma conta e voc\u00ea fizer o login no site, n\u00f3s configuramos um <em>cookie<\/em> tempor\u00e1rio. Este <em>cookie<\/em> n\u00e3o cont\u00e9m nenhum dados pessoa dos usu\u00e1rios e \u00e9 descartado quando voc\u00ea fecha o navegador.<\/p>\n\n\n\n<p>Quando voc\u00ea faz o login no site tamb\u00e9m configuramos uma s\u00e9rie de Cookies para salvar suas informa\u00e7oes de login. Este cookis de login dura apenas 2 dias. Se voc\u00ea selecionar a op\u00e7\u00e3o &#8220;Lembrar&#8221;ao fazer seu login, as informa\u00e7\u00f5es ser\u00e3o guardadas por 2 semanas. Quando voc\u00ea sair da sua conta os cookies de login ser\u00e3o exclu\u00eddos. <\/p>\n\n\n\n<h4 class=\"wp-block-heading\">Conte\u00fado de sites de terceiros<\/h4>\n\n\n\n<p>Alguns conte\u00fados deste site puxam conte\u00fados de outros sites (videos, imagens, artigos, etc.) O conte\u00fado de sites de terceiros se comportam da mesma forma como se voc\u00ea estivesse visitando o conte\u00fado desses websites.<\/p>\n\n\n\n<p>Estes sites podem coletar dados, atrav\u00e9s da utiliza\u00e7\u00e3o de <em>cookies<\/em>.<\/p>\n\n\n\n<h3 class=\"wp-block-heading\">Gerenciamento dos seus dados pessoais<\/h3>\n\n\n\n<p>Se for um usu\u00e1rio cadastrado no nosso site, seus dados ficam armazenados no banco de dados. Os usu\u00e1rios podem ver , editar ou excluir suas informa\u00e7\u00f5es a qualquer momento (o nome de usu\u00e1rio n\u00e3o pode ser editado).<\/p>\n\n\n\n<p>Voc\u00ea pode solicitar que seus dados sejam exclu\u00eddos do site. Isto n\u00e3o se aplica aos dados que somos legalmente exigidos que permane\u00e7am no site por quest\u00f5es administrativas e ou fiscais.<\/p>\n\n\n\n<p>Para maiores informa\u00e7\u00f5es sobre nossas pol\u00edticas de privacidade, contate-nos atrav\u00e9s do <a href=\"mailto:vivane@rescola.com\">vivane@rescola.com<\/a><\/p>\n\n\n\n<h3 class=\"wp-block-heading\">Sobre o Rescola.com<\/h3>\n\n\n\n<p>O <a rel=\"noreferrer noopener\" href=\"http:\/\/Rescola.com\" target=\"_blank\">Rescola.com<\/a> \u00e9 uma plataforma de ensino online onde voc\u00ea pode levar o conte\u00fado dos seus cursos online para o seu p\u00fablico.<\/p>\n\n\n\n<p>Para mais informa\u00e7\u00f5es entre em contato com <a href=\"mailto:contato@rescola.com\">contato@rescola.com<\/a><\/p>\n\n\n\n<p><\/p>\n\n\n\n<p><\/p>\n","protected":false},"excerpt":{"rendered":"<p>\nA Pol\u00edtica de Privacidade do site da Rescola com Viviane de Leon foi formulada com o intuito de manter a privacidade e a seguran\u00e7a das informa\u00e7\u00f5es coletadas dos nossos participantes.<\/p>\n<p>A pol\u00edtica de privacidade estabelecida pelo <\/p>\n","protected":false},"author":1,"featured_media":0,"parent":0,"menu_order":0,"comment_status":"closed","ping_status":"open","template":"","meta":{"_bbp_topic_count":0,"_bbp_reply_count":0,"_bbp_total_topic_count":0,"_bbp_total_reply_count":0,"_bbp_voice_count":0,"_bbp_anonymous_reply_count":0,"_bbp_topic_count_hidden":0,"_bbp_reply_count_hidden":0,"_bbp_forum_subforum_count":0,"footnotes":""},"class_list":["post-3","page","type-page","status-publish","hentry"],"jetpack_sharing_enabled":true,"_links":{"self":[{"href":"http:\/\/rescola.com\/vivianedeleon\/wp-json\/wp\/v2\/pages\/3","targetHints":{"allow":["GET"]}}],"collection":[{"href":"http:\/\/rescola.com\/vivianedeleon\/wp-json\/wp\/v2\/pages"}],"about":[{"href":"http:\/\/rescola.com\/vivianedeleon\/wp-json\/wp\/v2\/types\/page"}],"author":[{"embeddable":true,"href":"http:\/\/rescola.com\/vivianedeleon\/wp-json\/wp\/v2\/users\/1"}],"replies":[{"embeddable":true,"href":"http:\/\/rescola.com\/vivianedeleon\/wp-json\/wp\/v2\/comments?post=3"}],"version-history":[{"count":1,"href":"http:\/\/rescola.com\/vivianedeleon\/wp-json\/wp\/v2\/pages\/3\/revisions"}],"predecessor-version":[{"id":7118,"href":"http:\/\/rescola.com\/vivianedeleon\/wp-json\/wp\/v2\/pages\/3\/revisions\/7118"}],"wp:attachment":[{"href":"http:\/\/rescola.com\/vivianedeleon\/wp-json\/wp\/v2\/media?parent=3"}],"curies":[{"name":"wp","href":"https:\/\/api.w.org\/{rel}","templated":true}]}}