{"id":6878,"date":"2019-09-30T02:42:23","date_gmt":"2019-09-30T02:42:23","guid":{"rendered":"https:\/\/coaching.thimpress.com\/home-5\/?page_id=6878"},"modified":"2020-12-01T15:23:11","modified_gmt":"2020-12-01T18:23:11","slug":"home-5","status":"publish","type":"page","link":"http:\/\/rescola.com\/vivianedeleon\/","title":{"rendered":"Home 5"},"content":{"rendered":"<div id=\"pl-6878\"  class=\"panel-layout\" ><div id=\"pg-6878-0\"  class=\"panel-grid panel-has-style\" ><div class=\"panel-row-style panel-row-style-for-6878-0\" ><div id=\"pgc-6878-0-0\"  class=\"panel-grid-cell\" ><div id=\"panel-6878-0-0-0\" class=\"so-panel widget widget_text panel-first-child panel-last-child\" data-index=\"0\" >\t\t\t<div class=\"textwidget\">\n\t\t\t<!-- START BannerHome 1 REVOLUTION SLIDER 6.2.3 --><p class=\"rs-p-wp-fix\"><\/p>\n\t\t\t<rs-module-wrap id=\"rev_slider_4_1_wrapper\" data-source=\"gallery\" style=\"background:#ffffff;padding:0;margin:0px auto;margin-top:0;margin-bottom:0;\">\n\t\t\t\t<rs-module id=\"rev_slider_4_1\" style=\"display:none;\" data-version=\"6.2.3\">\n\t\t\t\t\t<rs-slides>\n\t\t\t\t\t\t<rs-slide data-key=\"rs-6\" data-title=\"Slider 1\" data-anim=\"ei:d;eo:d;s:1000;r:0;t:fade;sl:0;\">\n\t\t\t\t\t\t\t<img data-recalc-dims=\"1\" fetchpriority=\"high\" decoding=\"async\" fetchpriority=\"high\" src=\"https:\/\/i0.wp.com\/rescola.com\/vivianedeleon\/wp-content\/uploads\/2020\/07\/writing.jpg?resize=640%2C200\" title=\"writing\" width=\"640\" height=\"200\" class=\"rev-slidebg\" data-no-retina>\n<!--\n\t\t\t\t\t\t\t--><h2\n\t\t\t\t\t\t\t\tid=\"slider-4-slide-6-layer-4\" \n\t\t\t\t\t\t\t\tclass=\"rs-layer\"\n\t\t\t\t\t\t\t\tdata-type=\"text\"\n\t\t\t\t\t\t\t\tdata-rsp_ch=\"on\"\n\t\t\t\t\t\t\t\tdata-xy=\"xo:0,18px,24px,18px;y:t,t,m,m;yo:170px,212px,-78px,-37px;\"\n\t\t\t\t\t\t\t\tdata-text=\"w:normal;s:54,44,40,24;l:54,44,33,20;ls:1.08px,0px,0px,0px;fw:700;\"\n\t\t\t\t\t\t\t\tdata-dim=\"w:598px,493px,404px,257px;h:114px,94px,103px,65px;\"\n\t\t\t\t\t\t\t\tdata-frame_0=\"y:-50,-41,-31,-19;\"\n\t\t\t\t\t\t\t\tdata-frame_1=\"st:1980;sp:1000;sR:1980;\"\n\t\t\t\t\t\t\t\tdata-frame_999=\"o:0;st:w;sR:6020;\"\n\t\t\t\t\t\t\t\tstyle=\"z-index:8;font-family:Montserrat;\"\n\t\t\t\t\t\t\t>Aprenda o <br \/>\nModelo TEACCH\u00ae \n\t\t\t\t\t\t\t<\/h2><!--\n\n\t\t\t\t\t\t\t--><p\n\t\t\t\t\t\t\t\tid=\"slider-4-slide-6-layer-5\" \n\t\t\t\t\t\t\t\tclass=\"rs-layer\"\n\t\t\t\t\t\t\t\tdata-type=\"text\"\n\t\t\t\t\t\t\t\tdata-rsp_ch=\"on\"\n\t\t\t\t\t\t\t\tdata-xy=\"xo:0,17px,29px,18px;y:t,t,m,m;yo:301px,322px,0,36px;\"\n\t\t\t\t\t\t\t\tdata-text=\"w:normal;s:22,18,16,16;l:26,21,15,16;ls:0.36px,0px,0px,0px;fw:500;\"\n\t\t\t\t\t\t\t\tdata-dim=\"w:658px,543px,412px,267px;h:auto,auto,94px,96px;\"\n\t\t\t\t\t\t\t\tdata-frame_0=\"y:-50,-41,-31,-19;\"\n\t\t\t\t\t\t\t\tdata-frame_1=\"st:2980;sp:1000;sR:2980;\"\n\t\t\t\t\t\t\t\tdata-frame_999=\"o:0;st:w;sR:5020;\"\n\t\t\t\t\t\t\t\tstyle=\"z-index:9;font-family:Montserrat;\"\n\t\t\t\t\t\t\t>O TEACCH\u00ae (Tratamento e Educa\u00e7\u00e3o para Crian\u00e7as com Autismo ou Desordens Relacionadas \u00e0 Comunica\u00e7\u00e3o) \u00e9 definido como um corpo de estrat\u00e9gias de interven\u00e7\u00e3o em Transtorno do Espectro do Autismo (TEA), desenvolvido na Universidade da Carolina do Norte (UNC), EUA. \n\t\t\t\t\t\t\t<\/p><!--\n\n\t\t\t\t\t\t\t--><a\n\t\t\t\t\t\t\t\tid=\"slider-4-slide-6-layer-6\" \n\t\t\t\t\t\t\t\tclass=\"rs-layer rev-btn\"\n\t\t\t\t\t\t\t\thref=\"https:\/\/rescola.com\/cursos\/curso-online-modelo-teacch\/\" target=\"_self\" rel=\"nofollow\"\n\t\t\t\t\t\t\t\tdata-type=\"button\"\n\t\t\t\t\t\t\t\tdata-rsp_ch=\"on\"\n\t\t\t\t\t\t\t\tdata-xy=\"xo:0,17px,27px,18px;y:t,t,m,m;yo:468px,436px,94px,145px;\"\n\t\t\t\t\t\t\t\tdata-text=\"w:normal;s:15,12,14,14;l:48,39,43,36;ls:0.3px,0px,0px,0px;fw:500;a:center;\"\n\t\t\t\t\t\t\t\tdata-dim=\"w:206px,170px,206px,175px;h:49px,40px,48px,40px;minh:0px,none,none,none;\"\n\t\t\t\t\t\t\t\tdata-padding=\"r:20,17,21,18;l:20,17,21,18;\"\n\t\t\t\t\t\t\t\tdata-border=\"bor:24px,24px,24px,24px;\"\n\t\t\t\t\t\t\t\tdata-frame_0=\"x:0,0,0px,0px;y:-50,-41,-50px,-42px;\"\n\t\t\t\t\t\t\t\tdata-frame_1=\"x:0,0,0px,0px;y:0,0,0px,0px;st:3970;sp:1000;sR:3970;\"\n\t\t\t\t\t\t\t\tdata-frame_999=\"o:0;st:w;sR:4030;\"\n\t\t\t\t\t\t\t\tdata-frame_hover=\"c:#fff;bgc:#000;bor:24px,24px,24px,24px;\"\n\t\t\t\t\t\t\t\tstyle=\"z-index:10;font-family:Sarabun;background-image:linear-gradient(to left, #013365, #3399ff);box-shadow:-10px 17.3px 25px 0 rgba(35, 31, 32, 0.1);\"\n\t\t\t\t\t\t\t>CONHE\u00c7A O CURSO \n\t\t\t\t\t\t\t<\/a><!--\n-->\t\t\t\t\t\t<\/rs-slide>\n\t\t\t\t\t<\/rs-slides>\n\t\t\t\t\t<rs-progress class=\"rs-bottom\" style=\"visibility: hidden !important;\"><\/rs-progress>\n\t\t\t\t<\/rs-module>\n\t\t\t\t<script type=\"text\/javascript\">\n\t\t\t\t\tsetREVStartSize({c: 'rev_slider_4_1',rl:[1240,1024,778,480],el:[700,743,650,500],gw:[1240,1024,778,480],gh:[700,600,530,450],type:'standard',justify:'',layout:'fullwidth',mh:\"0\"});\n\t\t\t\t\tvar\trevapi4,\n\t\t\t\t\t\ttpj;\n\t\t\t\t\tjQuery(function() {\n\t\t\t\t\t\ttpj = jQuery;\n\t\t\t\t\t\tif(tpj(\"#rev_slider_4_1\").revolution == undefined){\n\t\t\t\t\t\t\trevslider_showDoubleJqueryError(\"#rev_slider_4_1\");\n\t\t\t\t\t\t}else{\n\t\t\t\t\t\t\trevapi4 = tpj(\"#rev_slider_4_1\").show().revolution({\n\t\t\t\t\t\t\t\tjsFileLocation:\"\/\/rescola.com\/vivianedeleon\/wp-content\/plugins\/revslider\/public\/assets\/js\/\",\n\t\t\t\t\t\t\t\tsliderLayout:\"fullwidth\",\n\t\t\t\t\t\t\t\tvisibilityLevels:\"1240,1024,778,480\",\n\t\t\t\t\t\t\t\tgridwidth:\"1240,1024,778,480\",\n\t\t\t\t\t\t\t\tgridheight:\"700,600,530,450\",\n\t\t\t\t\t\t\t\tspinner:\"spinner0\",\n\t\t\t\t\t\t\t\teditorheight:\"700,743,650,500\",\n\t\t\t\t\t\t\t\tresponsiveLevels:\"1240,1024,778,480\",\n\t\t\t\t\t\t\t\tdisableProgressBar:\"on\",\n\t\t\t\t\t\t\t\tnavigation: {\n\t\t\t\t\t\t\t\t\tonHoverStop:false\n\t\t\t\t\t\t\t\t},\n\t\t\t\t\t\t\t\tfallbacks: {\n\t\t\t\t\t\t\t\t\tallowHTML5AutoPlayOnAndroid:true\n\t\t\t\t\t\t\t\t},\n\t\t\t\t\t\t\t});\n\t\t\t\t\t\t}\n\t\t\t\t\t\t\n\t\t\t\t\t});\n\t\t\t\t<\/script>\n\t\t\t\t<script>\n\t\t\t\t\tvar htmlDivCss = unescape(\"%23slider-4-slide-6-layer-6%3Ahover%7Bbackground-image%3Alinear-gradient%28to%20right%2C%20%23013365%2C%20%233399ff%29%20%21important%3B%7D%0A\");\n\t\t\t\t\tvar htmlDiv = document.getElementById('rs-plugin-settings-inline-css');\n\t\t\t\t\tif(htmlDiv) {\n\t\t\t\t\t\thtmlDiv.innerHTML = htmlDiv.innerHTML + htmlDivCss;\n\t\t\t\t\t}else{\n\t\t\t\t\t\tvar htmlDiv = document.createElement('div');\n\t\t\t\t\t\thtmlDiv.innerHTML = '<style>' + htmlDivCss + '<\/style>';\n\t\t\t\t\t\tdocument.getElementsByTagName('head')[0].appendChild(htmlDiv.childNodes[0]);\n\t\t\t\t\t}\n\t\t\t\t<\/script>\n\t\t\t<\/rs-module-wrap>\n\t\t\t<!-- END REVOLUTION SLIDER -->\n\n<\/div>\n\t\t<\/div><\/div><\/div><\/div><div id=\"pg-6878-1\"  class=\"panel-grid panel-has-style\" ><div class=\"thim-featured-home5 panel-row-style panel-row-style-for-6878-1\" ><div id=\"pgc-6878-1-0\"  class=\"panel-grid-cell\" ><div id=\"panel-6878-1-0-0\" class=\"so-panel widget panel-first-child panel-last-child\" data-index=\"1\" ><\/div><\/div><div id=\"pgc-6878-1-1\"  class=\"panel-grid-cell\" ><div id=\"panel-6878-1-1-0\" class=\"so-panel widget panel-first-child panel-last-child\" data-index=\"2\" ><\/div><\/div><div id=\"pgc-6878-1-2\"  class=\"panel-grid-cell\" ><div id=\"panel-6878-1-2-0\" class=\"so-panel widget panel-first-child panel-last-child\" data-index=\"3\" ><\/div><\/div><div id=\"pgc-6878-1-3\"  class=\"panel-grid-cell\" ><div id=\"panel-6878-1-3-0\" class=\"so-panel widget panel-first-child panel-last-child\" data-index=\"4\" ><\/div><\/div><\/div><\/div><div id=\"pg-6878-2\"  class=\"panel-grid panel-has-style\" ><div class=\"thim-background-home siteorigin-panels-stretch panel-row-style panel-row-style-for-6878-2\" data-stretch-type=\"full\" ><div id=\"pgc-6878-2-0\"  class=\"panel-grid-cell\" ><div id=\"panel-6878-2-0-0\" class=\"so-panel widget panel-first-child\" data-index=\"5\" ><\/div><div id=\"panel-6878-2-0-1\" class=\"so-panel widget\" data-index=\"6\" ><\/div><div id=\"panel-6878-2-0-2\" class=\"so-panel widget panel-last-child\" data-index=\"7\" ><div class=\"thim-button-style5 panel-widget-style panel-widget-style-for-6878-2-0-2\" ><\/div><\/div><\/div><div id=\"pgc-6878-2-1\"  class=\"panel-grid-cell\" ><div id=\"panel-6878-2-1-0\" class=\"so-panel widget panel-first-child\" data-index=\"8\" ><\/div><div id=\"panel-6878-2-1-1\" class=\"so-panel widget panel-last-child\" data-index=\"9\" ><\/div><\/div><\/div><\/div><div id=\"pg-6878-3\"  class=\"panel-grid panel-has-style\" ><div class=\"siteorigin-panels-stretch panel-row-style panel-row-style-for-6878-3\" data-stretch-type=\"full\" ><div id=\"pgc-6878-3-0\"  class=\"panel-grid-cell\" ><div id=\"panel-6878-3-0-0\" class=\"so-panel widget panel-first-child\" data-index=\"10\" ><\/div><div id=\"panel-6878-3-0-1\" class=\"so-panel widget\" data-index=\"11\" ><\/div><div id=\"panel-6878-3-0-2\" class=\"so-panel widget widget_text\" data-index=\"12\" ><div class=\"panel-widget-style panel-widget-style-for-6878-3-0-2\" >\t\t\t<div class=\"textwidget\"><p>Terapeuta Ocupacional, graduada pelo Instituto Porto Alegre (1988). Em 1995, concluiu p\u00f3s-gradua\u00e7\u00e3o em Psicopedagogia Institucional e Cl\u00ednica na FAPA (Faculdade Porto Alegrense). Em 2003, tornou-se Mestre e, em 2008, Doutora na \u00e1rea de Psicologia do Desenvolvimento em programa de interc\u00e2mbio entre a Universidade Federal do Rio Grande do Sul, o Instituto de Psicologia e a Universit\u00e9 Le Mirail, em Toulose, na Fran\u00e7a. Residiu durante um ano na Su\u00ed\u00e7a, onde atuou em Educa\u00e7\u00e3o de Crian\u00e7as com Autismo na Fundation pour les Enfants Autistes.<\/p>\n<p>Foi pioneira no Pa\u00eds a ser certificada internacionalmente como <strong>Advanced Consultant TEACCH\u00ae<\/strong> pela <strong>Divis\u00e3o TEACCH\u00ae da Universidade da Carolina do Norte<\/strong>.<\/p>\n<\/div>\n\t\t<\/div><\/div><div id=\"panel-6878-3-0-3\" class=\"so-panel widget\" data-index=\"13\" ><div class=\"thim-button-style5 panel-widget-style panel-widget-style-for-6878-3-0-3\" ><\/div><\/div><div id=\"panel-6878-3-0-4\" class=\"so-panel widget panel-last-child\" data-index=\"14\" ><\/div><\/div><div id=\"pgc-6878-3-1\"  class=\"panel-grid-cell\" ><div id=\"panel-6878-3-1-0\" class=\"so-panel widget panel-first-child\" data-index=\"15\" ><\/div><div id=\"panel-6878-3-1-1\" class=\"so-panel widget panel-last-child\" data-index=\"16\" ><div class=\"panel-widget-style panel-widget-style-for-6878-3-1-1\" ><\/div><\/div><\/div><\/div><\/div><div id=\"pg-6878-4\"  class=\"panel-grid panel-has-style\" ><div class=\"siteorigin-panels-stretch panel-row-style panel-row-style-for-6878-4\" data-stretch-type=\"full\" ><div id=\"pgc-6878-4-0\"  class=\"panel-grid-cell\" ><div id=\"panel-6878-4-0-0\" class=\"so-panel widget panel-first-child\" data-index=\"17\" ><\/div><div id=\"panel-6878-4-0-1\" class=\"so-panel widget widget_siteorigin-panels-builder panel-last-child\" data-index=\"18\" ><div class=\"thim-contact-home5 panel-widget-style panel-widget-style-for-6878-4-0-1\" ><div id=\"pl-w5fc68a0f67d7a\"  class=\"panel-layout\" ><div id=\"pg-w5fc68a0f67d7a-0\"  class=\"panel-grid panel-no-style\" ><div id=\"pgc-w5fc68a0f67d7a-0-0\"  class=\"panel-grid-cell\" ><div id=\"panel-w5fc68a0f67d7a-0-0-0\" class=\"so-panel widget panel-first-child\" data-index=\"0\" ><\/div><div id=\"panel-w5fc68a0f67d7a-0-0-1\" class=\"so-panel widget\" data-index=\"1\" ><\/div><div id=\"panel-w5fc68a0f67d7a-0-0-2\" class=\"so-panel widget\" data-index=\"2\" ><div class=\"panel-widget-style panel-widget-style-for-w5fc68a0f67d7a-0-0-2\" ><\/div><\/div><div id=\"panel-w5fc68a0f67d7a-0-0-3\" class=\"so-panel widget panel-last-child\" data-index=\"3\" ><div class=\"thim-button-style5 panel-widget-style panel-widget-style-for-w5fc68a0f67d7a-0-0-3\" ><\/div><\/div><\/div><div id=\"pgc-w5fc68a0f67d7a-0-1\"  class=\"panel-grid-cell\" ><div id=\"panel-w5fc68a0f67d7a-0-1-0\" class=\"so-panel widget panel-first-child\" data-index=\"4\" ><div class=\"panel-widget-style panel-widget-style-for-w5fc68a0f67d7a-0-1-0\" ><\/div><\/div><div id=\"panel-w5fc68a0f67d7a-0-1-1\" class=\"so-panel widget widget_text panel-last-child\" data-index=\"5\" >\t\t\t<div class=\"textwidget\"><ul>\n<li><strong>7 M\u00f3dulos<\/strong>\u00a0<strong>com aulas gravadas<\/strong>, cada m\u00f3dulo tem a dura\u00e7\u00e3o de 15 dias onde cada participante ir\u00e1 assistir aos videos e realizar\u00e1 quizzes e tarefas propostas;<\/li>\n<li><strong>Estudos de Casos Ver\u00eddicos,\u00a0<\/strong>ser\u00e3o disponibilizados casos ver\u00eddicos para an\u00e1lise e discuss\u00e3o em grupo;<\/li>\n<li><strong>\u00a0Workshop Online ao Vivo com a Prof\u00aa Dr\u00aa Viviane de Leon<\/strong>, ao final de cada m\u00f3dulo haver\u00e1 uma aula ao vivo com para discuss\u00e3o dos estudos de casos e esclarecimentos de d\u00favidas.<br \/>\nAs Lives ser\u00e3o realizadas quinzenalmente nas Sextas-feiras pela manh\u00e3.<\/li>\n<li><strong>Certificado de Participa\u00e7\u00e3o<\/strong>, emiss\u00e3o de certificados de participa\u00e7\u00e3o no Curso Online Modelo TEACCH\u00ae<\/li>\n<li>Carga hor\u00e1ria: 60h<\/li>\n<\/ul>\n<p>&nbsp;<\/p>\n<\/div>\n\t\t<\/div><\/div><\/div><\/div><\/div><\/div><\/div><\/div><\/div><div id=\"pg-6878-5\"  class=\"panel-grid panel-has-style\" ><div class=\"siteorigin-panels-stretch panel-row-style panel-row-style-for-6878-5\" data-stretch-type=\"full\" ><div id=\"pgc-6878-5-0\"  class=\"panel-grid-cell\" ><div id=\"panel-6878-5-0-0\" class=\"so-panel widget panel-first-child\" data-index=\"19\" ><\/div><div id=\"panel-6878-5-0-1\" class=\"so-panel widget\" data-index=\"20\" ><\/div><div id=\"panel-6878-5-0-2\" class=\"so-panel widget\" data-index=\"21\" ><div class=\"panel-widget-style panel-widget-style-for-6878-5-0-2\" ><\/div><\/div><div id=\"panel-6878-5-0-3\" class=\"so-panel widget panel-last-child\" data-index=\"22\" ><\/div><\/div><\/div><\/div><\/div>","protected":false},"excerpt":{"rendered":"\n<p>\nAprenda o <br \/>\nModelo TEACCH\u00ae <br \/>\n\t\t\t\t\t\t\tO TEACCH\u00ae (Tratamento e Educa\u00e7\u00e3o para Crian\u00e7as com Autismo ou Desordens Relacionadas \u00e0 Comunica\u00e7\u00e3o) \u00e9 definido como um corpo de estrat\u00e9gias de interven\u00e7\u00e3o em Transtorno do Espectro <\/p>\n","protected":false},"author":1,"featured_media":0,"parent":0,"menu_order":0,"comment_status":"closed","ping_status":"closed","template":"page-templates\/homepage.php","meta":{"_bbp_topic_count":0,"_bbp_reply_count":0,"_bbp_total_topic_count":0,"_bbp_total_reply_count":0,"_bbp_voice_count":0,"_bbp_anonymous_reply_count":0,"_bbp_topic_count_hidden":0,"_bbp_reply_count_hidden":0,"_bbp_forum_subforum_count":0,"footnotes":""},"class_list":["post-6878","page","type-page","status-publish","hentry"],"jetpack_sharing_enabled":true,"_links":{"self":[{"href":"http:\/\/rescola.com\/vivianedeleon\/wp-json\/wp\/v2\/pages\/6878","targetHints":{"allow":["GET"]}}],"collection":[{"href":"http:\/\/rescola.com\/vivianedeleon\/wp-json\/wp\/v2\/pages"}],"about":[{"href":"http:\/\/rescola.com\/vivianedeleon\/wp-json\/wp\/v2\/types\/page"}],"author":[{"embeddable":true,"href":"http:\/\/rescola.com\/vivianedeleon\/wp-json\/wp\/v2\/users\/1"}],"replies":[{"embeddable":true,"href":"http:\/\/rescola.com\/vivianedeleon\/wp-json\/wp\/v2\/comments?post=6878"}],"version-history":[{"count":303,"href":"http:\/\/rescola.com\/vivianedeleon\/wp-json\/wp\/v2\/pages\/6878\/revisions"}],"predecessor-version":[{"id":8757,"href":"http:\/\/rescola.com\/vivianedeleon\/wp-json\/wp\/v2\/pages\/6878\/revisions\/8757"}],"wp:attachment":[{"href":"http:\/\/rescola.com\/vivianedeleon\/wp-json\/wp\/v2\/media?parent=6878"}],"curies":[{"name":"wp","href":"https:\/\/api.w.org\/{rel}","templated":true}]}}